{"id":121,"date":"2021-07-05T10:04:33","date_gmt":"2021-07-05T10:04:33","guid":{"rendered":"http:\/\/www.berolkemi.es\/?page_id=121"},"modified":"2023-06-13T16:38:46","modified_gmt":"2023-06-13T16:38:46","slug":"equipos-de-rociado","status":"publish","type":"page","link":"https:\/\/www.berolkemi.es\/index.php\/equipos-de-rociado\/","title":{"rendered":"EQUIPOS DE ROCIADO"},"content":{"rendered":"\t\t<div data-elementor-type=\"wp-page\" data-elementor-id=\"121\" class=\"elementor elementor-121\">\n\t\t\t\t<div class=\"elementor-element elementor-element-97fd83d e-flex e-con-boxed e-con e-parent\" data-id=\"97fd83d\" data-element_type=\"container\">\n\t\t\t\t\t<div class=\"e-con-inner\">\n\t\t<div class=\"elementor-element elementor-element-c59c9a8 e-con-full e-flex e-con e-parent\" data-id=\"c59c9a8\" data-element_type=\"container\">\n\t\t\t\t<div class=\"elementor-element elementor-element-fe6167e elementor-widget__width-initial e-transform elementor-widget elementor-widget-image\" data-id=\"fe6167e\" data-element_type=\"widget\" data-settings=\"{&quot;_transform_rotateZ_effect&quot;:{&quot;unit&quot;:&quot;px&quot;,&quot;size&quot;:&quot;&quot;,&quot;sizes&quot;:[]},&quot;_transform_rotateZ_effect_tablet&quot;:{&quot;unit&quot;:&quot;deg&quot;,&quot;size&quot;:&quot;&quot;,&quot;sizes&quot;:[]},&quot;_transform_rotateZ_effect_mobile&quot;:{&quot;unit&quot;:&quot;deg&quot;,&quot;size&quot;:&quot;&quot;,&quot;sizes&quot;:[]}}\" data-widget_type=\"image.default\">\n\t\t\t\t<div class=\"elementor-widget-container\">\n\t\t\t\t\t\t\t\t\t\t\t\t\t\t\t<img decoding=\"async\" width=\"298\" height=\"131\" src=\"https:\/\/www.berolkemi.es\/wp-content\/uploads\/2022\/10\/4-pulves.jpg\" class=\"attachment-large size-large wp-image-794\" alt=\"\" \/>\t\t\t\t\t\t\t\t\t\t\t\t\t\t\t<\/div>\n\t\t\t\t<\/div>\n\t\t\t\t<\/div>\n\t\t<div class=\"elementor-element elementor-element-57c7ef7 e-con-full e-flex e-con e-parent\" data-id=\"57c7ef7\" data-element_type=\"container\">\n\t\t\t\t<div class=\"elementor-element elementor-element-7404b34 elementor-widget elementor-widget-text-editor\" data-id=\"7404b34\" data-element_type=\"widget\" data-widget_type=\"text-editor.default\">\n\t\t\t\t<div class=\"elementor-widget-container\">\n\t\t\t\t\t\t\t\t\t<p style=\"text-align: center;\"><span style=\"color: #000000;\"><strong>PULVERIZADORES MANUALES\u00a0<\/strong><\/span><\/p><p style=\"text-align: left;\"><span style=\"color: #000000;\"><strong><span style=\"color: #000080;\">\u00a0Econ\u00f3mico,<\/span> especial empresas de limpieza, solo pulveriza, Limpiador Universal limpia cristales.\u00a0<\/strong><\/span><\/p><p style=\"text-align: left;\"><span style=\"color: #000000;\"><strong><span style=\"color: #1010e8;\"> Azul : <\/span>Todo tipo de l\u00edquidos , neutros y alcalinos,\u00a0 Limpia cristales, Desengrasantes,\u00a0 Berol 9, Berol LT, Berol 10.<\/strong><\/span><\/p><p style=\"text-align: left;\"><span style=\"color: #000000;\"><strong> <span style=\"color: #ff0000;\">\u00a0 ROJO:<\/span> Especial disolventes, Brillo Salpicadero , Limpia motores, Berol Gras, Berol 140\u00a0 Limpia Frenos.\u00a0 <\/strong><\/span><\/p><p style=\"text-align: left;\">\u00a0<\/p>\t\t\t\t\t\t\t\t<\/div>\n\t\t\t\t<\/div>\n\t\t\t\t<\/div>\n\t\t\t\t\t<\/div>\n\t\t\t\t<\/div>\n\t\t<div class=\"elementor-element elementor-element-b8259ae e-flex e-con-boxed e-con e-parent\" data-id=\"b8259ae\" data-element_type=\"container\">\n\t\t\t\t\t<div class=\"e-con-inner\">\n\t\t<div class=\"elementor-element elementor-element-f9c9a8f e-con-full e-flex e-con e-parent\" data-id=\"f9c9a8f\" data-element_type=\"container\">\n\t\t\t\t<div class=\"elementor-element elementor-element-18e323a elementor-widget elementor-widget-image\" data-id=\"18e323a\" data-element_type=\"widget\" data-widget_type=\"image.default\">\n\t\t\t\t<div class=\"elementor-widget-container\">\n\t\t\t\t\t\t\t\t\t\t\t\t\t\t\t<img fetchpriority=\"high\" decoding=\"async\" width=\"390\" height=\"273\" src=\"https:\/\/www.berolkemi.es\/wp-content\/uploads\/2023\/03\/I.K-15-los-dos-2.jpg\" class=\"attachment-large size-large wp-image-837\" alt=\"\" srcset=\"https:\/\/www.berolkemi.es\/wp-content\/uploads\/2023\/03\/I.K-15-los-dos-2.jpg 390w, https:\/\/www.berolkemi.es\/wp-content\/uploads\/2023\/03\/I.K-15-los-dos-2-300x210.jpg 300w\" sizes=\"(max-width: 390px) 100vw, 390px\" \/>\t\t\t\t\t\t\t\t\t\t\t\t\t\t\t<\/div>\n\t\t\t\t<\/div>\n\t\t\t\t<\/div>\n\t\t<div class=\"elementor-element elementor-element-b83bb60 e-con-full e-flex e-con e-parent\" data-id=\"b83bb60\" data-element_type=\"container\">\n\t\t\t\t<div class=\"elementor-element elementor-element-4e88e9f elementor-drop-cap-yes elementor-drop-cap-view-default elementor-widget elementor-widget-text-editor\" data-id=\"4e88e9f\" data-element_type=\"widget\" data-settings=\"{&quot;drop_cap&quot;:&quot;yes&quot;}\" data-widget_type=\"text-editor.default\">\n\t\t\t\t<div class=\"elementor-widget-container\">\n\t\t\t\t\t\t\t\t\t<p style=\"text-align: center;\"><span style=\"color: #333333;\"><strong>PULVERIZADORES DE PRESION PREVIA<\/strong><\/span><\/p><p style=\"text-align: left;\"><span style=\"color: #000000;\"><strong>Pulverizadores\u00a0 fabricados en pl\u00e1stico reforzado, para funcionamiento previa presi\u00f3n de aire, dotados de v\u00e1lvula de descarga y sobre presi\u00f3n, de capacidad entre 1 y 1,5 Litros de capacidad. Disponible en dos modelos: \u00a0 \u00a0 \u00a0<\/strong><\/span><\/p><p style=\"text-align: left;\"><span style=\"color: #000000;\"><strong><span style=\"color: #0000ff;\">Alkaline( Azul)<\/span>, para l\u00edquidos desengrasantes\u00a0 Alcalinos, Berol 9, Berol 07, Berol 10, Limpia llantas , Berol AR, Berol limpia Tapicer\u00edas.\u00a0 <\/strong><\/span><\/p><p style=\"text-align: left;\"><span style=\"color: #000000;\"><strong><span style=\"color: #333333;\">HC ( Gris)<\/span> : Para l\u00edquidos disolventes, como\u00a0 limpia frenos, limpia piezas, Brillo de salpicadero.<\/strong><\/span><\/p><p style=\"text-align: left;\"><strong style=\"color: #0000ff; text-align: center;\">Disponemos de repuestos para su reparaci\u00f3n.<\/strong><\/p><p style=\"text-align: center;\"><span style=\"color: #ff0000;\"><a style=\"color: #ff0000;\" href=\"https:\/\/youtu.be\/wcQALp9EbTg\" target=\"_blank\" rel=\"noopener\"><strong>( video de reparaci\u00f3n)<\/strong><\/a><\/span><\/p><p style=\"text-align: center;\">\u00a0<\/p><p style=\"text-align: center;\">\u00a0<\/p>\t\t\t\t\t\t\t\t<\/div>\n\t\t\t\t<\/div>\n\t\t\t\t<div class=\"elementor-element elementor-element-02a194c elementor-widget__width-initial elementor-widget elementor-widget-video\" data-id=\"02a194c\" data-element_type=\"widget\" data-settings=\"{&quot;youtube_url&quot;:&quot;https:\\\/\\\/youtu.be\\\/wcQALp9EbTg&quot;,&quot;video_type&quot;:&quot;youtube&quot;,&quot;controls&quot;:&quot;yes&quot;}\" data-widget_type=\"video.default\">\n\t\t\t\t<div class=\"elementor-widget-container\">\n\t\t\t\t\t\t\t<div class=\"elementor-wrapper elementor-open-inline\">\n\t\t\t<div class=\"elementor-video\"><\/div>\t\t<\/div>\n\t\t\t\t\t\t<\/div>\n\t\t\t\t<\/div>\n\t\t\t\t<\/div>\n\t\t<div class=\"elementor-element elementor-element-76ed108 e-con-full e-flex e-con e-parent\" data-id=\"76ed108\" data-element_type=\"container\">\n\t\t\t\t<\/div>\n\t\t\t\t\t<\/div>\n\t\t\t\t<\/div>\n\t\t<div class=\"elementor-element elementor-element-f7bc5c7 e-flex e-con-boxed e-con e-parent\" data-id=\"f7bc5c7\" data-element_type=\"container\">\n\t\t\t\t\t<div class=\"e-con-inner\">\n\t\t<div class=\"elementor-element elementor-element-8b6b2c2 e-con-full e-flex e-con e-parent\" data-id=\"8b6b2c2\" data-element_type=\"container\">\n\t\t\t\t<div class=\"elementor-element elementor-element-b05ea48 elementor-widget elementor-widget-image\" data-id=\"b05ea48\" data-element_type=\"widget\" data-widget_type=\"image.default\">\n\t\t\t\t<div class=\"elementor-widget-container\">\n\t\t\t\t\t\t\t\t\t\t\t\t\t\t\t<img decoding=\"async\" width=\"602\" height=\"681\" src=\"https:\/\/www.berolkemi.es\/wp-content\/uploads\/2023\/03\/Garrafa-matabi.jpg\" class=\"attachment-medium_large size-medium_large wp-image-838\" alt=\"\" srcset=\"https:\/\/www.berolkemi.es\/wp-content\/uploads\/2023\/03\/Garrafa-matabi.jpg 602w, https:\/\/www.berolkemi.es\/wp-content\/uploads\/2023\/03\/Garrafa-matabi-265x300.jpg 265w\" sizes=\"(max-width: 602px) 100vw, 602px\" \/>\t\t\t\t\t\t\t\t\t\t\t\t\t\t\t<\/div>\n\t\t\t\t<\/div>\n\t\t\t\t<\/div>\n\t\t<div class=\"elementor-element elementor-element-521f6df e-con-full e-flex e-con e-parent\" data-id=\"521f6df\" data-element_type=\"container\">\n\t\t\t\t<div class=\"elementor-element elementor-element-944999a elementor-widget elementor-widget-text-editor\" data-id=\"944999a\" data-element_type=\"widget\" data-widget_type=\"text-editor.default\">\n\t\t\t\t<div class=\"elementor-widget-container\">\n\t\t\t\t\t\t\t\t\t<p><span style=\"color: #000000;\"><strong>Rociador manual, para todo tipo de l\u00edquidos, funciona, con movimiento de va y ven, ( hacia adelante y hacia atras) para rociar l\u00edquidos directamente desde la garrafa, con posibilidad de regulaci\u00f3n de chorro fino a presi\u00f3n o pulverizaci\u00f3n. Ideal para rociar el exterior del veh\u00edculo, llantas, motores, pareces, camiones, ect. Con todo tipo de productos\u00a0 desengrasantes de forma r\u00e1pida.<\/strong><\/span><\/p><p style=\"text-align: center;\"><span style=\"color: #ff0000;\">Disponemos de repuestos\u00a0 y servicio t\u00e9cnico para su reparaci\u00f3n.<\/span><\/p>\t\t\t\t\t\t\t\t<\/div>\n\t\t\t\t<\/div>\n\t\t\t\t<\/div>\n\t\t\t\t\t<\/div>\n\t\t\t\t<\/div>\n\t\t<div class=\"elementor-element elementor-element-d39f9db e-flex e-con-boxed e-con e-parent\" data-id=\"d39f9db\" data-element_type=\"container\">\n\t\t\t\t\t<div class=\"e-con-inner\">\n\t\t<div class=\"elementor-element elementor-element-7e4b5ea e-con-full e-flex e-con e-parent\" data-id=\"7e4b5ea\" data-element_type=\"container\">\n\t\t\t\t<div class=\"elementor-element elementor-element-13566f9 elementor-widget elementor-widget-image\" data-id=\"13566f9\" data-element_type=\"widget\" data-widget_type=\"image.default\">\n\t\t\t\t<div class=\"elementor-widget-container\">\n\t\t\t\t\t\t\t\t\t\t\t\t\t\t\t<img loading=\"lazy\" decoding=\"async\" width=\"305\" height=\"354\" src=\"https:\/\/www.berolkemi.es\/wp-content\/uploads\/2023\/03\/Venturi-Caar-pro-170M003-retocado-berol.jpg\" class=\"attachment-large size-large wp-image-833\" alt=\"\" srcset=\"https:\/\/www.berolkemi.es\/wp-content\/uploads\/2023\/03\/Venturi-Caar-pro-170M003-retocado-berol.jpg 305w, https:\/\/www.berolkemi.es\/wp-content\/uploads\/2023\/03\/Venturi-Caar-pro-170M003-retocado-berol-258x300.jpg 258w\" sizes=\"(max-width: 305px) 100vw, 305px\" \/>\t\t\t\t\t\t\t\t\t\t\t\t\t\t\t<\/div>\n\t\t\t\t<\/div>\n\t\t\t\t<\/div>\n\t\t<div class=\"elementor-element elementor-element-d428045 e-con-full e-flex e-con e-parent\" data-id=\"d428045\" data-element_type=\"container\">\n\t\t\t\t<div class=\"elementor-element elementor-element-6c96ea8 elementor-widget elementor-widget-text-editor\" data-id=\"6c96ea8\" data-element_type=\"widget\" data-widget_type=\"text-editor.default\">\n\t\t\t\t<div class=\"elementor-widget-container\">\n\t\t\t\t\t\t\t\t\t<p><span style=\"color: #000000;\"><strong>Equipo de rociado profesional tipo venturi, funciona con la presi\u00f3n y el caudal del agua, no necesita electricidad, Est\u00e1 especialmente dise\u00f1ado para colocar en\u00a0 entradas de t\u00fanel de lavado , lavaderos manuales, donde se requiere una buena y exacta pulverizaci\u00f3n.\u00a0 La mezcla se regula mediante boquillas de distintos tama\u00f1os y esta puede variar entre el 2 y el 15 %. Dotados de goma especial de 10,15 o 25 metros y lanza de 60 cent\u00edmetros\u00a0 para rociado en acero inoxidable con maneta de pl\u00e1stico especial.<\/strong><\/span><\/p>\t\t\t\t\t\t\t\t<\/div>\n\t\t\t\t<\/div>\n\t\t\t\t<\/div>\n\t\t\t\t\t<\/div>\n\t\t\t\t<\/div>\n\t\t<div class=\"elementor-element elementor-element-e737996 e-flex e-con-boxed e-con e-parent\" data-id=\"e737996\" data-element_type=\"container\">\n\t\t\t\t\t<div class=\"e-con-inner\">\n\t\t<div class=\"elementor-element elementor-element-4035a58 e-con-full e-flex e-con e-parent\" data-id=\"4035a58\" data-element_type=\"container\">\n\t\t\t\t<div class=\"elementor-element elementor-element-b71db35 elementor-widget elementor-widget-image\" data-id=\"b71db35\" data-element_type=\"widget\" data-widget_type=\"image.default\">\n\t\t\t\t<div class=\"elementor-widget-container\">\n\t\t\t\t\t\t\t\t\t\t\t\t\t\t\t<img loading=\"lazy\" decoding=\"async\" width=\"150\" height=\"145\" src=\"https:\/\/www.berolkemi.es\/wp-content\/uploads\/2023\/03\/nebulizador-184x300-1.jpg\" class=\"attachment-large size-large wp-image-930\" alt=\"\" \/>\t\t\t\t\t\t\t\t\t\t\t\t\t\t\t<\/div>\n\t\t\t\t<\/div>\n\t\t\t\t<\/div>\n\t\t<div class=\"elementor-element elementor-element-222353a e-con-full e-flex e-con e-parent\" data-id=\"222353a\" data-element_type=\"container\">\n\t\t\t\t<div class=\"elementor-element elementor-element-44788a2 elementor-widget elementor-widget-text-editor\" data-id=\"44788a2\" data-element_type=\"widget\" data-widget_type=\"text-editor.default\">\n\t\t\t\t<div class=\"elementor-widget-container\">\n\t\t\t\t\t\t\t\t\t<p><span style=\"color: #000000;\"><strong>Equipos de rociado y espum\u00f3genos\u00a0 m\u00f3viles, Funcionan carg\u00e1ndoles con aire a presi\u00f3n y facilitan el rociado del producto mezclado con agua, bien en forma de\u00a0 fina niebla o en forma de espuma dependiendo del modelo. Dotados de manguera flexible de 5 metros y lanza regulable de 60 cent\u00edmetros,<\/strong><\/span><\/p><p style=\"text-align: center;\"><a href=\"https:\/\/www.youtube.com\/watch?v=NQjMb8StOt4\"><span style=\"color: #ff0000;\"><strong>\u00a0Video demostraci\u00f3n de espum\u00f3geno<\/strong><\/span><\/a><\/p>\t\t\t\t\t\t\t\t<\/div>\n\t\t\t\t<\/div>\n\t\t\t\t<div class=\"elementor-element elementor-element-9ed2023 elementor-widget__width-initial elementor-widget elementor-widget-video\" data-id=\"9ed2023\" data-element_type=\"widget\" data-settings=\"{&quot;youtube_url&quot;:&quot;https:\\\/\\\/www.youtube.com\\\/watch?v=NQjMb8StOt4&quot;,&quot;video_type&quot;:&quot;youtube&quot;,&quot;controls&quot;:&quot;yes&quot;}\" data-widget_type=\"video.default\">\n\t\t\t\t<div class=\"elementor-widget-container\">\n\t\t\t\t\t\t\t<div class=\"elementor-wrapper elementor-open-inline\">\n\t\t\t<div class=\"elementor-video\"><\/div>\t\t<\/div>\n\t\t\t\t\t\t<\/div>\n\t\t\t\t<\/div>\n\t\t\t\t<\/div>\n\t\t\t\t\t<\/div>\n\t\t\t\t<\/div>\n\t\t\t\t<\/div>\n\t\t","protected":false},"excerpt":{"rendered":"<p>PULVERIZADORES MANUALES\u00a0 \u00a0Econ\u00f3mico, especial empresas de limpieza, solo pulveriza, Limpiador Universal limpia cristales.\u00a0 Azul : Todo tipo de l\u00edquidos , neutros y alcalinos,\u00a0 Limpia cristales, Desengrasantes,\u00a0 Berol 9, Berol LT, Berol 10. \u00a0 ROJO: Especial disolventes, Brillo Salpicadero , Limpia motores, Berol Gras, Berol 140\u00a0 Limpia Frenos.\u00a0 \u00a0 PULVERIZADORES DE PRESION PREVIA Pulverizadores\u00a0 fabricados en pl\u00e1stico reforzado, para funcionamiento previa presi\u00f3n de aire, dotados de v\u00e1lvula de descarga y sobre presi\u00f3n, de capacidad entre 1 y 1,5 Litros de capacidad. Disponible en dos modelos: \u00a0 \u00a0 \u00a0 Alkaline( Azul), para l\u00edquidos desengrasantes\u00a0 Alcalinos, Berol 9, Berol 07, Berol 10, Limpia llantas , Berol AR, Berol limpia Tapicer\u00edas.\u00a0 HC ( Gris)&hellip; <a class=\"read-more\" href=\"https:\/\/www.berolkemi.es\/index.php\/equipos-de-rociado\/\">Leer m\u00e1s<\/a><\/p>\n","protected":false},"author":1,"featured_media":0,"parent":0,"menu_order":0,"comment_status":"closed","ping_status":"closed","template":"","meta":{"footnotes":""},"class_list":["post-121","page","type-page","status-publish","hentry"],"_links":{"self":[{"href":"https:\/\/www.berolkemi.es\/index.php\/wp-json\/wp\/v2\/pages\/121","targetHints":{"allow":["GET"]}}],"collection":[{"href":"https:\/\/www.berolkemi.es\/index.php\/wp-json\/wp\/v2\/pages"}],"about":[{"href":"https:\/\/www.berolkemi.es\/index.php\/wp-json\/wp\/v2\/types\/page"}],"author":[{"embeddable":true,"href":"https:\/\/www.berolkemi.es\/index.php\/wp-json\/wp\/v2\/users\/1"}],"replies":[{"embeddable":true,"href":"https:\/\/www.berolkemi.es\/index.php\/wp-json\/wp\/v2\/comments?post=121"}],"version-history":[{"count":20,"href":"https:\/\/www.berolkemi.es\/index.php\/wp-json\/wp\/v2\/pages\/121\/revisions"}],"predecessor-version":[{"id":1313,"href":"https:\/\/www.berolkemi.es\/index.php\/wp-json\/wp\/v2\/pages\/121\/revisions\/1313"}],"wp:attachment":[{"href":"https:\/\/www.berolkemi.es\/index.php\/wp-json\/wp\/v2\/media?parent=121"}],"curies":[{"name":"wp","href":"https:\/\/api.w.org\/{rel}","templated":true}]}}